{"id":2,"date":"2016-03-31T14:38:11","date_gmt":"2016-03-31T14:38:11","guid":{"rendered":"http:\/\/elcornetin.esy.es\/blog\/?page_id=2"},"modified":"2016-04-05T23:30:31","modified_gmt":"2016-04-05T21:30:31","slug":"about","status":"publish","type":"page","link":"https:\/\/www.elcornetin.es\/blog\/about\/","title":{"rendered":"Sobre El cornet\u00edn"},"content":{"rendered":"<p>\u00bfQu\u00e9 y quien es el Cornet\u00edn?<\/p>\n<p style=\"text-align: justify;\">Todos los grandes universos del comic tienen su peri\u00f3dico: Marvel tiene el Daily Bugle, DC tiene Daily Planet, Super L\u00f3pez tiene la Tanguardia. \u00bfY los Webc\u00f3mics? \u00bfQui\u00e9n se encarga de mantener un ojo vigilante sobre ellos, denunciar las distintas corruptelas con los minipuntos, hacerse eco de sucesos que acontecen en los Dungeons?<\/p>\n<p style=\"text-align: justify;\">Durante mucho tiempo los web-autores, han desarrollado sus historietas sin que la opini\u00f3n p\u00fablica supiera de su mala praxis, su copy-paste feroz y sin atender a los suplicantes comentarios, que d\u00eda tras d\u00eda sus seguidores les hac\u00edan.<\/p>\n<p style=\"text-align: justify;\">Pero eso ha cambiado. El <em><strong>Cornet\u00edn de Gondor<\/strong><\/em> ha llegado para arrojar luz sobre el oscuro mundo del Webc\u00f3mic.<\/p>\n<p style=\"text-align: justify;\"><em>El Cornet\u00edn<\/em>, un peri\u00f3dico que hunde sus ra\u00edces en la prestigios\u00edsima John Jonah Jameson University.<\/p>\n<p style=\"text-align: justify;\"><em>El Cornet\u00edn<\/em>, un peri\u00f3dico que no se deja deslumbrar por las presuntas buenas acciones de los personajes del c\u00f3mic.<\/p>\n<p style=\"text-align: justify;\"><em>El Cornet\u00edn<\/em>, tu peri\u00f3dico.<\/p>\n<p style=\"text-align: justify;\"><strong>Kdelamo<\/strong>, <em>Director y Redactor Jefe de El Cornet\u00edn<\/em><\/p>\n<hr \/>\n<p style=\"text-align: justify;\">\n<p style=\"text-align: justify;\">Ahora, la versi\u00f3n <strong>REAL<\/strong>, seg\u00fan Kdelamo<\/p>\n<p style=\"text-align: justify;\">La primera vez que apareci\u00f3 <em>El Cornet\u00edn de Gondor<\/em> (a.k.a. \u00ab<em>El Cornet\u00edn<\/em>\u00ab) fue en un comentario en <em>El\u00a0 Sistema D13<\/em> a modo de co\u00f1a. Fue <a href=\"http:\/\/www.elsistemad13.com\/comic\/renovacion\/\" target=\"_blank\">en esta tira de Joan<\/a>, en junio de 2015, en la que el autor anunciaba en rueda de prensa la renovaci\u00f3n del dominio ElSistemaD13.com y, en su momento, me hizo gracia pensar en continuar con la misma.<\/p>\n<p style=\"text-align: justify;\">Dos cosas pasaron. La primera es que me hizo gracia a m\u00ed mismo, la segunda es que hizo gracia al resto de personas, puede que incluso a Joan. Poco a poco comenc\u00e9 a usar el mismo recurso tanto en <em>Cr\u00f3nicas PSN<\/em> como en <em>El Sistema D13<\/em> y los lectores habituales comenzaron a asimilar que exist\u00eda un peri\u00f3dico encargado de seguir a Joan y Andr\u00e9s. Nunca pens\u00e9 que <em>El Cornet\u00edn<\/em> fuera a ser usado en algunas de sus tiras, cosa que me hace mucha ilusi\u00f3n:<\/p>\n<ul>\n<li style=\"text-align: justify;\"><a href=\"http:\/\/www.cronicaspsn.com\/tiras\/cpsn-cliffhanger-veraniego\/\" target=\"_blank\">Primera aparici\u00f3n en CPSN <\/a>con creaci\u00f3n de <a href=\"http:\/\/www.cronicaspsn.com\/tag\/cornetin-de-gondor\/\" target=\"_blank\">etiqueta <\/a>incluida.<\/li>\n<li style=\"text-align: justify;\"><a href=\"http:\/\/www.elsistemad13.com\/comic\/1000\/\" target=\"_blank\">Primera aparici\u00f3n en ESD13 <\/a>con creaci\u00f3n de <a href=\"http:\/\/www.elsistemad13.com\/tag\/cornetin\/\" target=\"_blank\">etiqueta <\/a>incluida, y nada m\u00e1s y nada menos que <strong>conmemorando la tira 1000<\/strong>.<\/li>\n<\/ul>\n<p>&nbsp;<\/p>\n<p style=\"text-align: justify;\">Lo que vino despu\u00e9s creo que pas\u00f3 muy r\u00e1pido:<em> El Cornetin<\/em> comenz\u00f3 a aparecer en algunos de mis tweets con el hashtag #Cornet\u00edn y la gente, no s\u00f3lo Andr\u00e9s y Joan, empez\u00f3 a responder a ello con el mismo hashtag. \u00bfLa primera? Juls, pero al poco LiMaX se apunt\u00f3 a \u2026 b\u00e1sicamente a hacer el ganso. Aar\u00f3n, vino despu\u00e9s. El autor de las tiras de Diox-Men <a href=\"http:\/\/www.dioxmen.es\/\">http:\/\/www.dioxmen.es\/<\/a> comenz\u00f3 a meterse en el juego de comentarios y tweets en el mundo de las tiras c\u00f3micas y aunque nunca fue un cargo del Cornet\u00edn, debo reconocerle que fue con <a href=\"http:\/\/www.aaronilustrador.es\/2016\/03\/ego-movie.html\" target=\"_blank\">una de sus grandiosas portadas<\/a> el que dio el impulso final para que uno de nosotros dijera\u2026. \u201cCreo que deber\u00edamos hacer un blog\u201d.<\/p>\n<figure id=\"attachment_18\" aria-describedby=\"caption-attachment-18\" style=\"width: 213px\" class=\"wp-caption aligncenter\"><a href=\"http:\/\/elcornetin.esy.es\/blog\/wp-content\/uploads\/2016\/03\/2016-04-04-1000.png\" target=\"_blank\" rel=\"attachment wp-att-18\"><img decoding=\"async\" class=\"wp-image-18 size-medium lazyload\" data-src=\"http:\/\/elcornetin.esy.es\/blog\/wp-content\/uploads\/2016\/03\/2016-04-04-1000-213x300.png\" alt=\"El Cornet\u00edn tira 1000 ESD13\" width=\"213\" height=\"300\" data-srcset=\"https:\/\/www.elcornetin.es\/blog\/wp-content\/uploads\/2016\/03\/2016-04-04-1000-213x300.png 213w, https:\/\/www.elcornetin.es\/blog\/wp-content\/uploads\/2016\/03\/2016-04-04-1000-768x1083.png 768w, https:\/\/www.elcornetin.es\/blog\/wp-content\/uploads\/2016\/03\/2016-04-04-1000-726x1024.png 726w, https:\/\/www.elcornetin.es\/blog\/wp-content\/uploads\/2016\/03\/2016-04-04-1000.png 980w\" data-sizes=\"(max-width: 213px) 100vw, 213px\" src=\"data:image\/svg+xml;base64,PHN2ZyB3aWR0aD0iMSIgaGVpZ2h0PSIxIiB4bWxucz0iaHR0cDovL3d3dy53My5vcmcvMjAwMC9zdmciPjwvc3ZnPg==\" style=\"--smush-placeholder-width: 213px; --smush-placeholder-aspect-ratio: 213\/300;\" \/><\/a><figcaption id=\"caption-attachment-18\" class=\"wp-caption-text\">Portada de El Cornet\u00edn de G\u00f3ndor anunciando las 1000 tiras de ESD13.<\/figcaption><\/figure>\n<p style=\"text-align: justify;\">Entonces, \u00bfqu\u00e9 es <em>El Cornet\u00edn<\/em>? De manera resumida podr\u00edamos decir que es un blog friki sobre \u201ccosas\u201d. La gente que nos hemos embarcado en esta locura tenemos en com\u00fan lo siguiente: no nos conocemos f\u00edsicamente y, si bien todos somos frikis, lo somos en temas \u00a0muy distintos.<\/p>\n<p style=\"text-align: justify;\">A ver hasta d\u00f3nde llegamos.<\/p>\n<p style=\"text-align: justify;\"><strong>Kdelamo<\/strong>, <em>una vez hizo un comentario.<\/em><\/p>\n","protected":false},"excerpt":{"rendered":"<p>\u00bfQu\u00e9 y quien es el Cornet\u00edn? Todos los grandes universos del comic tienen su peri\u00f3dico: Marvel tiene el Daily Bugle, DC tiene Daily&#8230;<\/p>\n","protected":false},"author":1,"featured_media":0,"parent":0,"menu_order":1,"comment_status":"open","ping_status":"open","template":"","meta":{"rop_custom_images_group":[],"rop_custom_messages_group":[],"rop_publish_now":"initial","rop_publish_now_accounts":{"facebook_965112277219911_1711957949078873":"","twitter_719274304828010500_719274304828010500":""},"rop_publish_now_history":[],"rop_publish_now_status":"pending","rating_form_position":"","rating_results_position":"","mr_structured_data_type":"","footnotes":""},"class_list":["post-2","page","type-page","status-publish","hentry"],"aioseo_notices":[],"multi-rating":{"mr_rating_results":[]},"_links":{"self":[{"href":"https:\/\/www.elcornetin.es\/blog\/wp-json\/wp\/v2\/pages\/2","targetHints":{"allow":["GET"]}}],"collection":[{"href":"https:\/\/www.elcornetin.es\/blog\/wp-json\/wp\/v2\/pages"}],"about":[{"href":"https:\/\/www.elcornetin.es\/blog\/wp-json\/wp\/v2\/types\/page"}],"author":[{"embeddable":true,"href":"https:\/\/www.elcornetin.es\/blog\/wp-json\/wp\/v2\/users\/1"}],"replies":[{"embeddable":true,"href":"https:\/\/www.elcornetin.es\/blog\/wp-json\/wp\/v2\/comments?post=2"}],"version-history":[{"count":8,"href":"https:\/\/www.elcornetin.es\/blog\/wp-json\/wp\/v2\/pages\/2\/revisions"}],"predecessor-version":[{"id":33,"href":"https:\/\/www.elcornetin.es\/blog\/wp-json\/wp\/v2\/pages\/2\/revisions\/33"}],"wp:attachment":[{"href":"https:\/\/www.elcornetin.es\/blog\/wp-json\/wp\/v2\/media?parent=2"}],"curies":[{"name":"wp","href":"https:\/\/api.w.org\/{rel}","templated":true}]}}

Sobre El cornetín

<p>¿Qué y quien es el Cornetín?</p>
<p style="text-align: justify;">Todos los grandes universos del comic tienen su periódico: Marvel tiene el Daily Bugle, DC tiene Daily Planet, Super López tiene la Tanguardia. ¿Y los Webcómics? ¿Quién se encarga de mantener un ojo vigilante sobre ellos, denunciar las distintas corruptelas con los minipuntos, hacerse eco de sucesos que acontecen en los Dungeons?</p>
<p style="text-align: justify;">Durante mucho tiempo los web-autores, han desarrollado sus historietas sin que la opinión pública supiera de su mala praxis, su copy-paste feroz y sin atender a los suplicantes comentarios, que día tras día sus seguidores les hacían.</p>
<p style="text-align: justify;">Pero eso ha cambiado. El <em><strong>Cornetín de Gondor</strong></em> ha llegado para arrojar luz sobre el oscuro mundo del Webcómic.</p>
<p style="text-align: justify;"><em>El Cornetín</em>, un periódico que hunde sus raíces en la prestigiosísima John Jonah Jameson University.</p>
<p style="text-align: justify;"><em>El Cornetín</em>, un periódico que no se deja deslumbrar por las presuntas buenas acciones de los personajes del cómic.</p>
<p style="text-align: justify;"><em>El Cornetín</em>, tu periódico.</p>
<p style="text-align: justify;"><strong>Kdelamo</strong>, <em>Director y Redactor Jefe de El Cornetín</em></p>
<hr />
<p style="text-align: justify;">
<p style="text-align: justify;">Ahora, la versión <strong>REAL</strong>, según Kdelamo</p>
<p style="text-align: justify;">La primera vez que apareció <em>El Cornetín de Gondor</em> (a.k.a. «<em>El Cornetín</em>«) fue en un comentario en <em>El  Sistema D13</em> a modo de coña. Fue <a href="http://www.elsistemad13.com/comic/renovacion/" target="_blank">en esta tira de Joan</a>, en junio de 2015, en la que el autor anunciaba en rueda de prensa la renovación del dominio ElSistemaD13.com y, en su momento, me hizo gracia pensar en continuar con la misma.</p>
<p style="text-align: justify;">Dos cosas pasaron. La primera es que me hizo gracia a mí mismo, la segunda es que hizo gracia al resto de personas, puede que incluso a Joan. Poco a poco comencé a usar el mismo recurso tanto en <em>Crónicas PSN</em> como en <em>El Sistema D13</em> y los lectores habituales comenzaron a asimilar que existía un periódico encargado de seguir a Joan y Andrés. Nunca pensé que <em>El Cornetín</em> fuera a ser usado en algunas de sus tiras, cosa que me hace mucha ilusión:</p>
<ul>
<li style="text-align: justify;"><a href="http://www.cronicaspsn.com/tiras/cpsn-cliffhanger-veraniego/" target="_blank">Primera aparición en CPSN </a>con creación de <a href="http://www.cronicaspsn.com/tag/cornetin-de-gondor/" target="_blank">etiqueta </a>incluida.</li>
<li style="text-align: justify;"><a href="http://www.elsistemad13.com/comic/1000/" target="_blank">Primera aparición en ESD13 </a>con creación de <a href="http://www.elsistemad13.com/tag/cornetin/" target="_blank">etiqueta </a>incluida, y nada más y nada menos que <strong>conmemorando la tira 1000</strong>.</li>
</ul>
<p>&nbsp;</p>
<p style="text-align: justify;">Lo que vino después creo que pasó muy rápido:<em> El Cornetin</em> comenzó a aparecer en algunos de mis tweets con el hashtag #Cornetín y la gente, no sólo Andrés y Joan, empezó a responder a ello con el mismo hashtag. ¿La primera? Juls, pero al poco LiMaX se apuntó a … básicamente a hacer el ganso. Aarón, vino después. El autor de las tiras de Diox-Men <a href="http://www.dioxmen.es/">http://www.dioxmen.es/</a> comenzó a meterse en el juego de comentarios y tweets en el mundo de las tiras cómicas y aunque nunca fue un cargo del Cornetín, debo reconocerle que fue con <a href="http://www.aaronilustrador.es/2016/03/ego-movie.html" target="_blank">una de sus grandiosas portadas</a> el que dio el impulso final para que uno de nosotros dijera…. “Creo que deberíamos hacer un blog”.</p>
<figure id="attachment_18" aria-describedby="caption-attachment-18" style="width: 213px" class="wp-caption aligncenter"><a href="http://elcornetin.esy.es/blog/wp-content/uploads/2016/03/2016-04-04-1000.png" target="_blank" rel="attachment wp-att-18"><img decoding="async" class="wp-image-18 size-medium lazyload" data-src="http://elcornetin.esy.es/blog/wp-content/uploads/2016/03/2016-04-04-1000-213x300.png" alt="El Cornetín tira 1000 ESD13" width="213" height="300" data-srcset="https://www.elcornetin.es/blog/wp-content/uploads/2016/03/2016-04-04-1000-213x300.png 213w, https://www.elcornetin.es/blog/wp-content/uploads/2016/03/2016-04-04-1000-768x1083.png 768w, https://www.elcornetin.es/blog/wp-content/uploads/2016/03/2016-04-04-1000-726x1024.png 726w, https://www.elcornetin.es/blog/wp-content/uploads/2016/03/2016-04-04-1000.png 980w" data-sizes="(max-width: 213px) 100vw, 213px" src="data:image/svg+xml;base64,PHN2ZyB3aWR0aD0iMSIgaGVpZ2h0PSIxIiB4bWxucz0iaHR0cDovL3d3dy53My5vcmcvMjAwMC9zdmciPjwvc3ZnPg==" style="--smush-placeholder-width: 213px; --smush-placeholder-aspect-ratio: 213/300;" /></a><figcaption id="caption-attachment-18" class="wp-caption-text">Portada de El Cornetín de Góndor anunciando las 1000 tiras de ESD13.</figcaption></figure>
<p style="text-align: justify;">Entonces, ¿qué es <em>El Cornetín</em>? De manera resumida podríamos decir que es un blog friki sobre “cosas”. La gente que nos hemos embarcado en esta locura tenemos en común lo siguiente: no nos conocemos físicamente y, si bien todos somos frikis, lo somos en temas  muy distintos.</p>
<p style="text-align: justify;">A ver hasta dónde llegamos.</p>
<p style="text-align: justify;"><strong>Kdelamo</strong>, <em>una vez hizo un comentario.</em></p>

<p>¿Qué y quien es el Cornetín? Todos los grandes universos del comic tienen su periódico: Marvel tiene el Daily Bugle, DC tiene Daily&#8230;</p>
